{"id":267,"date":"2026-03-05T17:27:04","date_gmt":"2026-03-05T16:27:04","guid":{"rendered":"http:\/\/www.agencecollector.com\/?page_id=267"},"modified":"2026-03-20T16:32:23","modified_gmt":"2026-03-20T15:32:23","slug":"la-communication-externalisee","status":"publish","type":"page","link":"https:\/\/www.agencecollector.com\/?page_id=267","title":{"rendered":"La communication externalis\u00e9e"},"content":{"rendered":"\n<h2 class=\"wp-block-heading alignfull has-text-align-center\" style=\"text-transform:none\">La communication externalis\u00e9e <\/h2>\n\n\n\n<div class=\"wp-block-group alignfull has-global-padding is-layout-constrained wp-block-group-is-layout-constrained\">\n<figure class=\"wp-block-image alignfull size-full\"><img loading=\"lazy\" decoding=\"async\" width=\"1500\" height=\"844\" src=\"https:\/\/www.agencecollector.com\/wp-content\/uploads\/2026\/03\/rachel-moore-bd-edited.jpg\" alt=\"\" class=\"wp-image-271\" srcset=\"https:\/\/www.agencecollector.com\/wp-content\/uploads\/2026\/03\/rachel-moore-bd-edited.jpg 1500w, https:\/\/www.agencecollector.com\/wp-content\/uploads\/2026\/03\/rachel-moore-bd-edited-300x169.jpg 300w, https:\/\/www.agencecollector.com\/wp-content\/uploads\/2026\/03\/rachel-moore-bd-edited-1024x576.jpg 1024w, https:\/\/www.agencecollector.com\/wp-content\/uploads\/2026\/03\/rachel-moore-bd-edited-768x432.jpg 768w, https:\/\/www.agencecollector.com\/wp-content\/uploads\/2026\/03\/rachel-moore-bd-edited-1200x675.jpg 1200w\" sizes=\"auto, (max-width: 1500px) 100vw, 1500px\" \/><\/figure>\n<\/div>\n\n\n\n<div class=\"wp-block-group alignfull has-global-padding is-layout-constrained wp-block-group-is-layout-constrained\">\n<p class=\"has-text-align-center has-large-font-size\" style=\"text-transform:none\"><mark style=\"background-color:#1c39db\" class=\"has-inline-color has-custom-color-4-color\">C&rsquo;est la base <\/mark><\/p>\n\n\n\n<p class=\"has-text-align-center has-medium-font-size\" style=\"text-transform:none\">Nous intervenons comme une direction de la communication int\u00e9gr\u00e9e \u00e0 votre organisation, en prenant en charge la r\u00e9flexion strat\u00e9gique, le positionnement, l\u2019architecture des messages et le pilotage global de votre parole. Nous ne produisons pas simplement des contenus : nous structurons une vision et lui donnons une trajectoire claire<\/p>\n<\/div>\n\n\n\n<div class=\"wp-block-group alignfull has-global-padding is-layout-constrained wp-block-group-is-layout-constrained\">\n<p class=\"has-text-align-center has-large-font-size\" style=\"text-transform:none\"><mark style=\"background-color:#dcf60b\" class=\"has-inline-color has-custom-color-3-color\">Notre approche<\/mark><\/p>\n\n\n\n<p class=\"has-medium-font-size\" style=\"text-transform:none\">Notre approche commence par un travail de clarification approfondi : comprendre votre ambition, vos enjeux, vos tensions internes et votre temporalit\u00e9. \u00c0 partir de l\u00e0, nous construisons une colonne vert\u00e9brale strat\u00e9gique solide, d\u00e9finissons un cadre \u00e9ditorial coh\u00e9rent et orchestrons la mise en \u0153uvre en lien \u00e9troit avec vos \u00e9quipes ou vos partenaires.<\/p>\n<\/div>\n\n\n\n<div class=\"wp-block-group alignfull has-global-padding is-layout-constrained wp-block-group-is-layout-constrained\">\n<p class=\"has-text-align-center has-large-font-size\" style=\"text-transform:none\"><mark style=\"background-color:#ff62e8\" class=\"has-inline-color has-custom-color-4-color\">Ce que cela vous apporte<\/mark><\/p>\n\n\n\n<p class=\"has-text-align-center has-medium-font-size\" style=\"text-transform:none\">Le r\u00e9sultat est une communication align\u00e9e, structur\u00e9e et ma\u00eetris\u00e9e, qui cesse d\u2019\u00eatre une succession d\u2019actions isol\u00e9es pour devenir un levier strat\u00e9gique durable. Vous gagnez en clart\u00e9, en coh\u00e9rence et en stature, tout en retrouvant du temps et de la s\u00e9r\u00e9nit\u00e9 dans la conduite de votre d\u00e9veloppement<\/p>\n<\/div>\n\n\n\n<p class=\"\/* Conteneur principal pour limiter le texte sur tr\u00e8s grands \u00e9crans *\/ .main-content, .page-content, .container {     max-width: 1200px; \/* largeur maximale du texte *\/     margin: 0 auto;    \/* centre horizontalement *\/     padding: 0 20px;   \/* espace sur les petits \u00e9crans *\/ }  \/* Optionnel : un peu d'espace avant le footer *\/ footer {     margin-top: 60px;  \/* espace entre contenu et footer *\/ }  \/* Ajustement responsive si tu as des sections tr\u00e8s larges *\/ @media (min-width: 1600px) {     .main-content, .page-content, .container {         max-width: 1400px; \/* on peut \u00e9largir l\u00e9g\u00e8rement sur \u00e9crans tr\u00e8s grands *\/     } }\"><\/p>\n","protected":false},"excerpt":{"rendered":"<p>La communication externalis\u00e9e C&rsquo;est la base Nous intervenons comme une direction de la communication int\u00e9gr\u00e9e \u00e0 votre organisation, en prenant en charge la r\u00e9flexion strat\u00e9gique, le positionnement, l\u2019architecture des messages et le pilotage global de votre parole. Nous ne produisons pas simplement des contenus : nous structurons une vision et lui donnons une trajectoire claire [&hellip;]<\/p>\n","protected":false},"author":274036179,"featured_media":0,"parent":0,"menu_order":0,"comment_status":"closed","ping_status":"closed","template":"","meta":{"footnotes":""},"class_list":["post-267","page","type-page","status-publish","hentry"],"_links":{"self":[{"href":"https:\/\/www.agencecollector.com\/index.php?rest_route=\/wp\/v2\/pages\/267","targetHints":{"allow":["GET"]}}],"collection":[{"href":"https:\/\/www.agencecollector.com\/index.php?rest_route=\/wp\/v2\/pages"}],"about":[{"href":"https:\/\/www.agencecollector.com\/index.php?rest_route=\/wp\/v2\/types\/page"}],"author":[{"embeddable":true,"href":"https:\/\/www.agencecollector.com\/index.php?rest_route=\/wp\/v2\/users\/274036179"}],"replies":[{"embeddable":true,"href":"https:\/\/www.agencecollector.com\/index.php?rest_route=%2Fwp%2Fv2%2Fcomments&post=267"}],"version-history":[{"count":10,"href":"https:\/\/www.agencecollector.com\/index.php?rest_route=\/wp\/v2\/pages\/267\/revisions"}],"predecessor-version":[{"id":399,"href":"https:\/\/www.agencecollector.com\/index.php?rest_route=\/wp\/v2\/pages\/267\/revisions\/399"}],"wp:attachment":[{"href":"https:\/\/www.agencecollector.com\/index.php?rest_route=%2Fwp%2Fv2%2Fmedia&parent=267"}],"curies":[{"name":"wp","href":"https:\/\/api.w.org\/{rel}","templated":true}]}}