{"id":258,"date":"2026-03-05T17:27:19","date_gmt":"2026-03-05T16:27:19","guid":{"rendered":"http:\/\/www.agencecollector.com\/?page_id=258"},"modified":"2026-03-20T16:32:48","modified_gmt":"2026-03-20T15:32:48","slug":"la-maison-decriture","status":"publish","type":"page","link":"https:\/\/www.agencecollector.com\/?page_id=258","title":{"rendered":"la maison d&rsquo;\u00e9criture"},"content":{"rendered":"\n<h2 class=\"wp-block-heading alignfull has-text-align-center\" style=\"text-transform:none\">La maison d&rsquo;\u00e9criture <\/h2>\n\n\n\n<figure class=\"wp-block-image alignfull size-large\"><img loading=\"lazy\" decoding=\"async\" width=\"2131\" height=\"1199\" src=\"https:\/\/www.agencecollector.com\/wp-content\/uploads\/2026\/03\/leonardo-vargas-fqRl6AiDz8k-unsplash-1-edited.jpg\" alt=\"\" class=\"wp-image-265\" srcset=\"https:\/\/www.agencecollector.com\/wp-content\/uploads\/2026\/03\/leonardo-vargas-fqRl6AiDz8k-unsplash-1-edited.jpg 2131w, https:\/\/www.agencecollector.com\/wp-content\/uploads\/2026\/03\/leonardo-vargas-fqRl6AiDz8k-unsplash-1-edited-300x169.jpg 300w, https:\/\/www.agencecollector.com\/wp-content\/uploads\/2026\/03\/leonardo-vargas-fqRl6AiDz8k-unsplash-1-edited-1024x576.jpg 1024w, https:\/\/www.agencecollector.com\/wp-content\/uploads\/2026\/03\/leonardo-vargas-fqRl6AiDz8k-unsplash-1-edited-768x432.jpg 768w, https:\/\/www.agencecollector.com\/wp-content\/uploads\/2026\/03\/leonardo-vargas-fqRl6AiDz8k-unsplash-1-edited-1536x864.jpg 1536w, https:\/\/www.agencecollector.com\/wp-content\/uploads\/2026\/03\/leonardo-vargas-fqRl6AiDz8k-unsplash-1-edited-2048x1152.jpg 2048w, https:\/\/www.agencecollector.com\/wp-content\/uploads\/2026\/03\/leonardo-vargas-fqRl6AiDz8k-unsplash-1-edited-1200x675.jpg 1200w\" sizes=\"auto, (max-width: 2131px) 100vw, 2131px\" \/><\/figure>\n\n\n\n<div class=\"wp-block-group alignfull has-global-padding is-layout-constrained wp-block-group-is-layout-constrained\">\n<div class=\"wp-block-group alignfull has-global-padding is-layout-constrained wp-block-group-is-layout-constrained\">\n<div class=\"wp-block-group has-global-padding is-layout-constrained wp-block-group-is-layout-constrained\">\n<p class=\"has-text-align-center has-large-font-size\" style=\"text-transform:none\"><mark style=\"background-color:#ff62e8\" class=\"has-inline-color has-custom-color-4-color\"><strong>C&rsquo;est la base <\/strong><\/mark><\/p>\n\n\n\n<p class=\"has-text-align-center has-medium-font-size\" style=\"text-transform:none\">Toute marque forte repose sur un r\u00e9cit clair, incarn\u00e9 et durable. Forte de son cursus litt\u00e9raire exigeant et d\u2019ann\u00e9es d\u2019\u00e9criture sous toutes ses formes (politique, institutionnelle, p\u00e9dagogique, culturelle, fun, lifestyle ), la plume de l\u2019agence travaille tout autant :<\/p>\n\n\n\n<ul class=\"wp-block-list\">\n<li class=\"has-medium-font-size\">des plateformes de marque et des manifestes,<\/li>\n\n\n\n<li class=\"has-medium-font-size\">un storytelling de collection, de produit, de collaboration,<\/li>\n\n\n\n<li class=\"has-medium-font-size\">une \u00e9criture \u00e9ditoriale print, digitale<\/li>\n\n\n\n<li class=\"has-medium-font-size\">une demande folle, cr\u00e9ative et inspir\u00e9e non \u00e9num\u00e9r\u00e9e ci-dessus<\/li>\n<\/ul>\n<\/div>\n\n\n\n<div class=\"wp-block-group alignfull has-global-padding is-layout-constrained wp-block-group-is-layout-constrained\">\n<div class=\"wp-block-group alignfull has-global-padding is-layout-constrained wp-block-group-is-layout-constrained\">\n<p class=\"has-text-align-center has-large-font-size\" style=\"text-transform:none\"><strong><mark style=\"background-color:#dcf60b;color:#1c39db\" class=\"has-inline-color\">Notre approche <\/mark><\/strong><\/p>\n\n\n\n<ul class=\"wp-block-list\">\n<li class=\"has-medium-font-size\">une \u00e9criture enthousiaste, parce que sans passion, o\u00f9 va le monde ?<\/li>\n\n\n\n<li class=\"has-medium-font-size\">des mots choisis pour \u00eatre justes, une tonalit\u00e9 affirm\u00e9e,<\/li>\n\n\n\n<li class=\"has-medium-font-size\">une attention particuli\u00e8re au rythme, au ton et \u00e0 la coh\u00e9rence,<\/li>\n\n\n\n<li class=\"has-medium-font-size\">des aller-retours avec vous, afin que les mots choisis soient, in fine, les v\u00f4tres (et parce que vous \u00eates d\u00e9j\u00e0 nos clients pr\u00e9f\u00e9r\u00e9s).<\/li>\n<\/ul>\n<\/div>\n<\/div>\n\n\n\n<div class=\"wp-block-group alignfull has-global-padding is-layout-constrained wp-block-group-is-layout-constrained\">\n<p class=\"has-text-align-center has-large-font-size\" style=\"text-transform:none\"><strong><mark style=\"background-color:#ff62e8\" class=\"has-inline-color has-custom-color-2-color\">Ce que cela vous apporte <\/mark><\/strong><\/p>\n\n\n\n<ul class=\"wp-block-list\">\n<li class=\"has-medium-font-size\" style=\"text-transform:none\">une voix claire et tr\u00e8s identitaire,<\/li>\n\n\n\n<li class=\"has-medium-font-size\" style=\"text-transform:none\">un socle narratif solide,<\/li>\n\n\n\n<li class=\"has-medium-font-size\" style=\"text-transform:none\">des mots qui rassemblent, rassurent et donnent envie d\u2019avoir envie,<\/li>\n\n\n\n<li class=\"has-medium-font-size\" style=\"text-transform:none\">une base sur laquelle tout peut ensuite se d\u00e9ployer avec s\u00e9-r\u00e9-ni-t\u00e9.<\/li>\n<\/ul>\n<\/div>\n<\/div>\n<\/div>\n\n\n\n<p class=\"\/* Conteneur principal pour limiter le texte sur tr\u00e8s grands \u00e9crans *\/ .main-content, .page-content, .container {     max-width: 1200px; \/* largeur maximale du texte *\/     margin: 0 auto;    \/* centre horizontalement *\/     padding: 0 20px;   \/* espace sur les petits \u00e9crans *\/ }  \/* Optionnel : un peu d'espace avant le footer *\/ footer {     margin-top: 60px;  \/* espace entre contenu et footer *\/ }  \/* Ajustement responsive si tu as des sections tr\u00e8s larges *\/ @media (min-width: 1600px) {     .main-content, .page-content, .container {         max-width: 1400px; \/* on peut \u00e9largir l\u00e9g\u00e8rement sur \u00e9crans tr\u00e8s grands *\/     } }\"><\/p>\n","protected":false},"excerpt":{"rendered":"<p>La maison d&rsquo;\u00e9criture C&rsquo;est la base Toute marque forte repose sur un r\u00e9cit clair, incarn\u00e9 et durable. Forte de son cursus litt\u00e9raire exigeant et d\u2019ann\u00e9es d\u2019\u00e9criture sous toutes ses formes (politique, institutionnelle, p\u00e9dagogique, culturelle, fun, lifestyle ), la plume de l\u2019agence travaille tout autant : Notre approche Ce que cela vous apporte<\/p>\n","protected":false},"author":274036179,"featured_media":0,"parent":0,"menu_order":0,"comment_status":"closed","ping_status":"closed","template":"","meta":{"footnotes":""},"class_list":["post-258","page","type-page","status-publish","hentry"],"_links":{"self":[{"href":"https:\/\/www.agencecollector.com\/index.php?rest_route=\/wp\/v2\/pages\/258","targetHints":{"allow":["GET"]}}],"collection":[{"href":"https:\/\/www.agencecollector.com\/index.php?rest_route=\/wp\/v2\/pages"}],"about":[{"href":"https:\/\/www.agencecollector.com\/index.php?rest_route=\/wp\/v2\/types\/page"}],"author":[{"embeddable":true,"href":"https:\/\/www.agencecollector.com\/index.php?rest_route=\/wp\/v2\/users\/274036179"}],"replies":[{"embeddable":true,"href":"https:\/\/www.agencecollector.com\/index.php?rest_route=%2Fwp%2Fv2%2Fcomments&post=258"}],"version-history":[{"count":12,"href":"https:\/\/www.agencecollector.com\/index.php?rest_route=\/wp\/v2\/pages\/258\/revisions"}],"predecessor-version":[{"id":400,"href":"https:\/\/www.agencecollector.com\/index.php?rest_route=\/wp\/v2\/pages\/258\/revisions\/400"}],"wp:attachment":[{"href":"https:\/\/www.agencecollector.com\/index.php?rest_route=%2Fwp%2Fv2%2Fmedia&parent=258"}],"curies":[{"name":"wp","href":"https:\/\/api.w.org\/{rel}","templated":true}]}}